ve r(-20).
358
Let m(c) = -2*c**3 + 5*c**2 + 348*c - 2. Calculate m(-12).
-2
Let z(b) = -7*b**2 - b - 39. Calculate z(-5).
-209
Let v(x) = x**3 - 11*x**2 + 9*x - 33. Calculate v(10).
-43
Let r(i) = -i**3 - 46*i**2 + 152*i + 187. Calculate r(-49).
-58
Let c(s) = -2*s**2 + 11*s + 1060. Determine c(26).
-6
Let s(z) = z**3 + 46*z**2 - 149*z - 90. What is s(-49)?
8
Let i(a) = a**2 + 30*a + 183. Determine i(-22).
7
Let q(d) = -15*d + 510. Determine q(32).
30
Let g(t) = -197*t - 18915. Determine g(-96).
-3
Let g(c) = c**2 - 3*c - 26. Determine g(-8).
62
Let w(h) = -2*h**2 + 139*h - 798. Calculate w(6).
-36
Let k(z) = -339*z - 671. Determine k(-2).
7
Let q(p) = -p**2 + 418*p + 4851. Calculate q(-11).
132
Let j(x) = 5*x**2 - 31*x + 21. Give j(5).
-9
Let z(q) = -q**2 - 14*q + 172. Determine z(-23).
-35
Let o(s) = -2*s - 116. Calculate o(-12).
-92
Let k(n) = -30*n + 135. Calculate k(15).
-315
Let p(d) = d**3 + 14*d**2 - 642*d - 492. What is p(-33)?
3
Let x(s) = -s**2 + 22*s + 1042. What is x(-21)?
139
Let r(h) = 415*h**2 + 72*h - 73. Determine r(1).
414
Let b(n) = -2*n**2 - 477*n + 44707. Determine b(72).
-5
Let c(g) = -3254*g + 16228. Calculate c(5).
-42
Let o(c) = -7*c**3 - 11*c + 7. What is o(2)?
-71
Let l(t) = t**3 + 3*t**2 + 5*t + 3. Calculate l(4).
135
Let g(i) = -37*i + 2655. Give g(72).
-9
Let k(m) = 5*m**3 - 156*m**2 + 29*m + 42. Calculate k(31).
-20
Let l(k) = 4*k**2 - 14*k - 42. Calculate l(-5).
128
Let f(i) = -i**2 - 201*i + 1900. What is f(9)?
10
Let k(t) = 2*t**3 + 18*t**2 - 6*t - 22. Determine k(-9).
32
Let l(q) = -q**2 + 53*q - 115. Give l(51).
-13
Let n(j) = -j**3 - 36*j**2 + 34*j - 113. Give n(-37).
-2
Let p(w) = -601*w - 39. Give p(-1).
562
Let z(i) = i**3 + 7*i**2 - 2*i - 66. Calculate z(-11).
-528
Let q(o) = 15*o - 572. What is q(44)?
88
Let j(p) = -35*p + 1843. Determine j(52).
23
Let o(k) = -4*k**2 - 12*k - 8. Determine o(-3).
-8
Let s(o) = 5*o**3 + 6*o**2 - 14*o + 26. Determine s(-5).
-379
Let s(b) = -95*b + 10731. What is s(113)?
-4
Let m(r) = -170*r - 20738. Determine m(-122).
2
Let v(n) = -n**3 + 26*n**2 + 666*n + 223. What is v(42)?
-29
Let d(h) = h**3 + 10*h**2 - h - 135. Determine d(-7).
19
Let k(g) = 906*g - 23568. Determine k(26).
-12
Let n(t) = -t**3 - 3*t**2 + 694*t + 169. Calculate n(25).
19
Let i(r) = -927*r + 2774. Determine i(3).
-7
Let n(z) = 2*z**2 + 24*z + 160. Give n(-20).
480
Let p(x) = -x**3 - 10*x**2 + 19*x + 78. What is p(-11)?
-10
Let m(f) = -104*f - 1563. Give m(-15).
-3
Let a(u) = u**3 + 14*u**2 + 22*u - 4. Calculate a(-12).
20
Let f(q) = -q**3 + 281*q**2 + 547*q + 5361. Give f(283).
-16
Let b(t) = -t**2 - 40*t - 296. Give b(-30).
4
Let d(q) = -37*q + 259. What is d(7)?
0
Let n(b) = -2*b**3 - 258*b**2 - 762*b - 748. What is n(-126)?
8
Let o(a) = a**3 - 46*a**2 - 98*a + 82. Give o(48).
-14
Let j(t) = t**3 + 5*t**2 + 19*t + 14. Give j(-5).
-81
Let f(o) = 16*o + 215. Calculate f(-9).
71
Let i(w) = -w**2 - 1754*w + 8748. Determine i(5).
-47
Let d(v) = -v**3 - 2*v**2 + 28*v + 19. Calculate d(-6).
-5
Let n(t) = -t**3 - 60*t**2 + 90*t + 1780. What is n(-61)?
11
Let f(t) = 3*t**3 + 72*t**2 - 437*t - 1. Give f(5).
-11
Let a(j) = j**2 + 94*j + 13. What is a(7)?
720
Let p(j) = -j**3 - 42*j**2 + 137*j + 162. Determine p(-45).
72
Let v(m) = 19*m**2 + 485*m - 177. Calculate v(-26).
57
Let b(a) = a**2 - 16*a - 1954. What is b(53)?
7
Let s(z) = -z**3 + 2*z**2 - 6*z + 3. What is s(6)?
-177
Let a(s) = -526*s - 19984. Give a(-38).
4
Let t(a) = -a**2 - 13. Calculate t(13).
-182
Let i(f) = 4*f + 67. Give i(-15).
7
Let o(n) = -29*n**2 - 8*n + 38. What is o(3)?
-247
Let w(o) = -1637*o - 1645. Determine w(-1).
-8
Let l(h) = 1018*h - 8020. Calculate l(8).
124
Let b(m) = 2400*m + 7202. What is b(-3)?
2
Let y(f) = -17*f**2 + 71*f + 73. Determine y(-1).
-15
Let y(j) = -4*j**2 - 497*j - 124. What is y(-124)?
0
Let r(s) = -89*s**2 - 549*s + 2. What is r(-6)?
92
Let a(f) = 21*f**2 + 519*f + 359. Determine a(-24).
-1
Let z(b) = b**2 - 84*b + 977. Determine z(14).
-3
Let g(f) = 2*f**3 + 2*f**2 + 115*f + 8. Give g(0).
8
Let h(j) = -54*j**2 - 260*j - 5. Give h(-4).
171
Let u(f) = 10*f**2 - 31*f - 174. What is u(6)?
0
Let c(t) = 5*t**2 + 98*t + 53. Determine c(-19).
-4
Let p(i) = 2*i**2 + 13*i + 109. Give p(-6).
103
Let f(j) = -j**3 - 12*j**2 - 21*j + 23. Calculate f(-9).
-31
Let l(f) = 53*f**2 + 75*f - 262. What is l(4)?
886
Let y(c) = -2*c**2 - 349*c + 5. Give y(0).
5
Let q(i) = 2*i**3 - 42*i**2 - 2*i + 75. Calculate q(21).
33
Let o(n) = 12*n**2 + 1697*n + 697. Determine o(-141).
-8
Let h(b) = -109*b - 14388. Determine h(-132).
0
Let x(i) = -i**2 - 2*i + 113. Determine x(10).
-7
Let t(v) = 3*v**3 - 380*v**2 - 1302*v + 256. Determine t(130).
-4
Let j(k) = -3938*k + 27525. Determine j(7).
-41
Let q(t) = -66*t - 155. Calculate q(-1).
-89
Let a(g) = -37*g**3 - 1814*g**2 - 71*g - 1070. What is a(-49)?
8
Let y(f) = 2*f**3 + 9*f**2 - 58*f + 9. Determine y(-8).
25
Let r(t) = -t**2 - 62*t + 178. What is r(-53)?
655
Let j(t) = -275*t - 2806. What is j(-10)?
-56
Let k(m) = m**2 - 15*m + 187. Give k(8).
131
Let z(l) = -196*l + 783. What is z(4)?
-1
Let q(n) = -133*n + 6004. What is q(45)?
19
Let s(j) = -4*j - 28. Determine s(-18).
44
Let z(y) = -860*y + 17203. What is z(20)?
3
Let b(a) = -2*a**2 - 44*a - 41. Calculate b(-21).
1
Let f(d) = 508*d - 9149. Calculate f(18).
-5
Let q(w) = -3*w**3 - w**2 + 7*w + 11. What is q(0)?
11
Let l(t) = -t**3 + 20*t**2 + 38*t + 98. What is l(22)?
-34
Let c(l) = 6*l**2 - 141*l - 59. Determine c(24).
13
Let b(s) = 50*s - 3850. What is b(76)?
-50
Let m(b) = 104*b + 414. What is m(-4)?
-2
Let t(v) = v**3 + 4*v**2 - v - 27. Determine t(-3).
-15
Let r(g) = g**3 - 8*g**2 + 3*g + 17. What is r(8)?
41
Let t(n) = 5*n**3 + 318*n**2 - 134*n - 159. Calculate t(-64).
225
Let r(s) = -33*s + 191. Give r(5).
26
Let u(z) = -210*z + 627. What is u(3)?
-3
Let y(m) = m**3 + 49*m**2 - 215*m + 16. Give y(4).
4
Let q(o) = -9*o**2 + 1429*o + 228. Determine q(159).
-90
Let m(n) = n**3 - 25*n**2 - 2*n - 21. What is m(25)?
-71
Let t(l) = 7*l + 151. Give t(-32).
-73
Let x(c) = -102*c + 9492. Determine x(93).
6
Let r(x) = -x**2 - 121*x - 1385. Determine r(-12).
-77
Let m(f) = -f**3 + 59*f**2 - 54*f - 349. What is m(58)?
-117
Let x(p) = -7*p**2 - 12*p - 104. Give x(8).
-648
Let g(c) = 66*c - 872. Give g(13).
-14
Let j(m) = 555*m + 28272. Determine j(-51).
-33
Let t(z) = z**3 - 76*z**2 + 88*z - 1057. What is t(75)?
-82
Let b(t) = -2*t**3 - 148*t**2 + 306*t + 146. Determine b(-76).
-6
Let n(g) = 624*g**2 - 1250*g + 18. Give n(2).
14
Let z(s) = s**3 + 4*s**2 + 95*s - 420. What is z(4)?
88
Let r(t) = -8*t - 170. Determine r(-28).
54
Let q(l) = l**3 + 182*l**2 + 3925*l + 3. Give q(-157).
3
Let m(r) = r**3 + 3*r**2 + 8*r + 39. Give m(-4).
-9
Let q(z) = -323*z + 21. Calculate q(0).
21
Let x(y) = -9*y**2 - 134*y - 26. Give x(-15).
-41
Let t(h) = 3*h**2 + 33*h + 74. Calculate t(-3).
2
Let a(k) = -k**3 + 20*k**2 - 3*k - 142. Give a(20).
-202
Let v(j) = -1590*j + 22287. Determine v(14).
27
Let q(s) = 4*s**3 - 16*s + 4. What is q(-2)?
4
Let o(u) = 563*u + 3387. Give o(-6).
9
Let d(k) = k**3 + 4*k**2 - 15*k + 44. Calculate d(3).
62
Let b(d) = 2*d**3 - 6*d**2 + 21*d - 17. Determine b(2).
17
Let i(n) = -15*n**3 + 5*n**2 + 12*n - 34. Calculate i(3).
-358
Let a(m) = 4074*m + 8150. Determine a(-2).
2
Let n(m) = -9*m**2 - 1001*m - 128. What is n(-111)?
94
Let s(h) = h**3 + 10*h**2 + 29*h + 18. Give s(-4).
-2
Let p(t) = -2*t**3 - 11*t**2 - 90*t - 570. Give p(-6).
6
Let n(k) = 44*k**3 + 17*k**2 - 7*k - 7. Give n(-1).
-27
Let i(c) = -4609*c + 36924. Give i(8).
52
Let h(r) = -59*r**2 - 2180*r + 15. Give h(-37).
-96
Let x(c) = -24*c**2 + 274*c + 18. Determine x(12).
-150
Let b(j) = -30*j + 527. Calculate b(18).
-13
Let v(k) = 86*k - 2068. Calculate v(24).
-4
Let c(t) = -3297*t + 49461. Calculate c(15).
6
Let p(w) = -21*w - 839. Give p(-39).
-20
Let n(r) = 80*r**2 + 324*r + 327. What is n(-1)?
83
Let v(q) = -3*q**2 + 14*q + 88. Give v(8).
8
Let w(y) = 274*y - 1673. What is w(6)?
-29
Let b(j) = -5*j**2 - 485*j - 1868. Determine b(-93).
-8
Let z(w) = w**3 + 135*w**2 - 273*w + 147. Determine z(-137).
10
Let d(l) = 99*l + 102. Calculate d(12).
1290
Let g(j) = -j**2 + 65*j - 1048. Determine g(31).
6
Let a(b) = -1412*b - 7254. What is a(-5)?
-194
Let m(b) = -b**3 - 35*b - 5